and i?
210
Suppose 2*p + 13*k + 559 = 10*k, -2*k + 1350 = -5*p. Let q = -246 - p. What is the highest common divisor of 221 and q?
13
Let i be (-6)/9 + 80/12. Let q be 16/(1 - 5) + i. Let v be (q + 18)*(-14)/(-5). Calculate the highest common factor of 7 and v.
7
Let c = 953 - 239. What is the greatest common divisor of c and 306?
102
Let n = 1619 - 1531. What is the highest common factor of n and 5214?
22
Suppose 0 = 2*u - 17 - 13. Let h be (-2)/((21/6)/(-7)). Suppose -h*i - 4*y - 2 = -3*i, -3 = y. What is the greatest common divisor of u and i?
5
Let m be (-3 + (-30)/20)/((-6)/192). Suppose -5*z + 96 = -4*z. What is the greatest common divisor of m and z?
48
Let l be 26*796/8 + 136/(-68). Calculate the highest common factor of l and 33.
11
Let g be (-1)/(-2) - (3 + 585/(-2)). Let y(t) = -2 - 3*t**2 + g*t - t**3 - 301*t - 16*t**3. Let i be y(-2). Calculate the highest common factor of i and 12.
12
Suppose 4*q + 4*q + q = 0. Suppose q*c = -c + 36. Calculate the highest common divisor of c and 12.
12
Suppose -7*l = 16*l + 336 - 1854. Calculate the greatest common divisor of l and 825.
33
Let l = 161 - 50. Let v(f) = -f**3 - 186*f**2 + 567*f + 74. Let k be v(-189). Calculate the highest common divisor of k and l.
37
Suppose -6*x = 4*x - 1760. Let k = x - 165. Let d be 11*-1*2/(-2). Calculate the greatest common factor of k and d.
11
Let o be -6*(-98)/(-1008)*-50 - (-1)/(-6). What is the highest common divisor of o and 139?
1
Let v = 146 - 104. Let w be -107*(1 + -2) + 1. Let s = w - v. Calculate the greatest common divisor of 22 and s.
22
Let i = 62 + -46. Suppose 3*n - 25 = 2*n - 3*v, 4*v = -n + 20. What is the highest common divisor of n and i?
8
Let g(a) = 43*a**2 - 346*a + 58. Let f be g(8). Calculate the greatest common factor of 609 and f.
21
Let t = -558 + 1404. What is the highest common divisor of t and 658?
94
Let b be 364/18 + (-8)/36. Let w be -15 - (-2553)/161 - 58/(-14). What is the highest common divisor of w and b?
5
Let y = -995 + 1100. Let k be 1302/y*(-15)/(-6). Let l = 224 - 7. Calculate the highest common divisor of k and l.
31
Let u(s) = s**3 + 6*s**2 - 8*s - 3. Let v be u(-7). Let d = 51 + 14. Suppose -55 = -v*q + d. What is the greatest common factor of q and 15?
15
Let d(q) = -q + 4. Let s be d(-3). Suppose -5*n - 139 = -3*a, -3*n = 4*a - 3 - 76. Calculate the highest common factor of a and s.
7
Let x(n) = 3*n**3 - 9*n**2 - 82*n + 326. Let b be x(5). What is the greatest common factor of 14542 and b?
22
Let w(q) = 189*q**2 - 4*q + 2. Let p be w(2). Suppose -54*h + 694 = -926. What is the highest common factor of p and h?
30
Suppose 0 = -4*q + 8, -3*q - 2*q + 143 = z. Let r = z - 128. Suppose y - 49 = -5*o, -5*y + 335 = -0*o - r*o. What is the highest common factor of 704 and y?
64
Suppose 4*w = -55 + 167. Let u = -103387 + 103527. Calculate the highest common factor of w and u.
28
Let c = 419 + -374. Suppose c = 5*w + n, 10 = 3*w + 17*n - 13*n. Suppose -z = -5*o - 19, o - 1 = z - 2*z. Calculate the greatest common factor of z and w.
2
Suppose -3*d - 69 = g - 305, 394 = 5*d + 2*g. What is the greatest common divisor of d and 18?
6
Let s = -53 - -50. Let q(p) = 20*p**2 + p + 3. Let b be q(s). Suppose -14*m + b = -8*m. Calculate the highest common factor of m and 75.
15
Suppose 1130 = 56*y - 5086. What is the greatest common factor of y and 74?
37
Let s = 2619 + -2219. Calculate the greatest common factor of 125 and s.
25
Let t = 105 + 30. Suppose 4*o + 28 = -m, m - 20*o + 15*o - 17 = 0. Let b be m/(-3)*t/20. What is the greatest common factor of 54 and b?
18
Let h be 46/(-16) + 3 + (-7)/56. Suppose -n + 4 = 3*q, h*q + 4*n + 35 = 5*q. What is the highest common divisor of q and 51?
3
Let g(q) = 6*q**2 - 46*q - 341. Let f be g(26). What is the highest common factor of f and 22?
11
Let b be ((-22440)/(-154))/(-2 + 129/63). What is the greatest common divisor of b and 18?
18
Suppose -4*p + 30 = -7*p. Let n be -10 - p - -2*1. Suppose 2 = -n*j + 10. Calculate the greatest common factor of 4 and j.
4
Suppose -2*n + 292 = f, f + 5 = 1. Suppose -x + 5*l + 136 = 10*l, -x = 2*l - n. What is the highest common divisor of 234 and x?
78
Suppose 3*r + 2*w - 81 = 0, 3*r + 2*r - 5*w = 160. Suppose -r*o + 84 = -23*o. Calculate the highest common factor of 98 and o.
14
Suppose 0 = -2*v + 69 - 13. Suppose 3*l + 4 = v. Suppose 2*u + g = 98, g = 5*u - 33 - 205. What is the greatest common factor of u and l?
8
Let t be 9*3/(15/35). Calculate the greatest common factor of 315 and t.
63
Let h = -390 + 438. Let c = -358 + 486. Calculate the greatest common divisor of c and h.
16
Suppose -15*k = 220 + 20. Let c be (68/51)/(-2 + k/(-6)). Calculate the highest common factor of 30 and c.
2
Let r = 716 - 252. Suppose x + 52 = 255*y - 254*y, -2*y = -4*x - 92. What is the highest common factor of y and r?
58
Suppose 3*k - 5*k = -4*p + 4, 3*k + 6 = -5*p. Suppose p = 12*r - 71 - 205. Suppose 0 = 5*m - r - 137. What is the highest common divisor of m and 224?
32
Let z be -2*(-4)/(12/(-303)). Let s = -142 - z. What is the greatest common factor of 60 and s?
60
Let l = 14047 + -12192. What is the greatest common factor of l and 140?
35
Suppose 29 = -26*u + 81. Let k(a) = 278*a - 91. Let n be k(u). What is the highest common divisor of n and 15?
15
Let l = -35165 + 36902. Calculate the highest common factor of 72 and l.
9
Let m = 3606 - 2226. Calculate the greatest common factor of m and 180.
60
Let u = 4784 - 4768. Let j be 156/(-10)*(-120)/9. Calculate the highest common factor of j and u.
16
Suppose 0 = -k, -2*b + 5204 = 2*b - 2*k - 2256. Calculate the highest common factor of b and 5.
5
Let l(z) = -24*z - 124. Let o be l(-7). Suppose 0*d + 22 = 2*d. What is the greatest common factor of o and d?
11
Let l = -92 + 132. Let z be (-1)/(-3)*(-90)/6. Let m be (-4 - -2)/(2/z). What is the highest common factor of m and l?
5
Suppose 4*w = -q + 213, -5*w - 4*q - 32 = -6*w. Calculate the highest common factor of 5564 and w.
52
Suppose -5*h + 20 = -3*j, 0*j - 9 = -4*h + j. Calculate the highest common divisor of 43 and h.
1
Suppose -467*h + 465*h - 18 = 0. Let j(z) = -62*z - 42. Let b be j(h). What is the highest common factor of 24 and b?
12
Suppose -550 = -29*w + 24*w. Let r = -70 + w. Suppose -4*x + 0*x + r = 0. What is the greatest common factor of 5 and x?
5
Let d(p) = 30*p**2 + 9*p - 8. Suppose 0 = 8*x - 52 + 44. Let l be d(x). What is the highest common factor of l and 310?
31
Let z(o) = -o**3 - 8*o**2 - 14*o - 2. Suppose 0 = -6*v + 15*v - 18. Suppose -v*q - 3*q - 30 = 0. Let y be z(q). What is the greatest common factor of y and 50?
10
Suppose 98 = -a + 3*a + 3*c, 4*a - 200 = -5*c. Let n be a/(-11) - (-1 - 139). What is the highest common factor of n and 27?
27
Let y = -8 + 15. Let r(g) = g**3 - 81*g**2 - 345*g + 537. Let l be r(85). What is the greatest common factor of l and y?
7
Suppose 100 = 8*a + 17*a. Suppose 8*z + 4*i - 748 = 4*z, -a*i + 193 = z. Calculate the greatest common factor of 74 and z.
37
Let k(u) = -u**3 + 6*u**2 + 11*u - 10. Let b be k(7). Suppose -b*a - 374 = -16*a. Let h be 4 - 0 - a/17. What is the greatest common divisor of h and 150?
15
Let g(u) = 309*u**2 + 51*u + 58. Let z be g(4). What is the highest common factor of 822 and z?
274
Suppose 68*c + 21 - 89 = 0. Calculate the highest common factor of 59 and c.
1
Let s be 689 + 11 - (4/1 + 0). What is the greatest common factor of 5133 and s?
87
Let l = -30735 - -30873. Let f(u) = 22*u**2 + u + 2. Let a be f(2). Calculate the greatest common factor of a and l.
46
Suppose 57*n = -66*n + 88*n + 21980. Calculate the highest common divisor of 1413 and n.
157
Let h(z) = -6*z + 6 + 2 - 21*z. Let w be h(-1). Let m be 4*35*(-9 - -10). What is the highest common divisor of w and m?
35
Suppose 3*m - 16 + 30 = x, 3*m = -2*x + 1. Suppose 7*c - 411 = 5*c + i, -i - x = 0. What is the greatest common divisor of 29 and c?
29
Let k be -16 + 30 + 6 + 5482. Calculate the greatest common divisor of k and 14.
14
Let t be 25134/472 - (-10)/(-8). Let f(r) = 2*r**2 + 9*r - 4. Let k be f(-8). Calculate the highest common divisor of k and t.
52
Let p be (-5)/3*(-1782)/165. Suppose p*z = 3*z + 570. Calculate the greatest common factor of z and 4.
2
Suppose 2*r = -3*r - 2*s + 2305, 2*s = 3*r - 1367. Let c = r 